-14 - (1 - (-1 + -4))
2
What is (-5 - -2 - 0) + 3?
0
Evaluate 0 + (-3 - (2 + -1)).
-4
What is the value of (8 - 5) + -3 + -2?
-2
What is the value of 6 + (-12 - -5) + 3?
2
Calculate 0 - (-2 + -2 + -3 + 7).
0
What is the value of -16 + 21 - (0 + (-1 - -5))?
1
-2 + 5 + -4 + 1
0
-4 + -4 + 0 + -5 + 10
-3
Evaluate -8 + (-5 - (-22 + 2 - -8)).
-1
Evaluate (-6 + 14 - 14) + -4 + 4.
-6
What is the value of (-3 - -1) + 4 - 3?
-1
3 - (0 + -2) - 1 - 0
4
Evaluate (-11 - -19 - 14) + 7 + 1.
2
Evaluate (-9 - (0 - (0 - -2))) + 2.
-5
What is the value of 0 - (6 + -19) - 3?
10
4 + 0 + (-5 - 0)
-1
Calculate 8 + 4 + -8 - (0 + -1).
5
10 + 7 + 3 + -22
-2
What is the value of -8 + 2 - -15 - 2?
7
What is the value of -5 - -3 - (3 + -5 + 5)?
-5
Calculate -2 + -9 + 4 - -1.
-6
-2 + (3 - -1) + -1 - -4
5
What is -5 + (-1 - -5) + (14 - 19)?
-6
Calculate 1 + -3 + -2 - -5.
1
What is the value of 28 + -39 + (5 - -1)?
-5
(3 - 3) + -6 - (-1 + 0)
-5
Evaluate 4 - (10 - 2) - (-1 - 2).
-1
What is the value of (1 - -3) + (-1 + 2 - 6)?
-1
What is -2 + 2 + 6 + -2?
4
What is 6 - (0 - 2 - (-2 + -3))?
3
What is (-7 - (-2 - -4)) + (3 - -2)?
-4
What is 5 + -1 - ((-2 - -1) + 4)?
1
Calculate -8 + (-16 - -10) - -8.
-6
What is 6 - (-3 + 2 - -2)?
5
Calculate -7 - (13 + -9 - 9 - -1).
-3
Calculate (5 - 13) + -1 + 5 + 0.
-4
1 + 6 + 0 - 3
4
(-9 - (-6 - -5)) + 3
-5
What is the value of (1 - (1 - 0)) + 81 + -81?
0
What is 5 + -9 + -2 + -1 + 0?
-7
-9 + (10 - (14 - 8))
-5
What is 7 - -1 - (35 - 21)?
-6
Calculate -3 + (-1 - (1 - (1 + 2))).
-2
Evaluate 6 + -2 + 0 + -34 + 32.
2
Calculate -5 + (4 + 5 + -10 - 0).
-6
Evaluate -13 + (11 - (3 - -5)).
-10
Evaluate 3 + -2 - (7 + 2 - 8).
0
Calculate 5 - (8 + -15 + 11).
1
Calculate 11 + -10 + -1 + 0.
0
Evaluate (-1 - 5) + (0 - (-3 + 1)).
-4
Evaluate 10 + (-12 - -8) + -4 + -11.
-9
What is 14 - (7 + -2) - 3?
6
What is the value of (-5 - (-2 - -1)) + 1?
-3
What is the value of (7 - (17 + (-4 - 4))) + 1?
-1
Evaluate -12 + 13 - ((0 - -2) + 3).
-4
8 + (4 - 6 - 3)
3
What is 11 + (-6 + 6 - 2)?
9
What is the value of -2 + 2 + (-11 - -2)?
-9
Evaluate 1 - 1 - (3 - 5 - 1).
3
Evaluate -4 + 1 + 2 + (18 - 15).
2
Calculate -2 - 1 - (-1 + 14 + -8).
-8
Calculate 4 + (-9 - -8) + 2.
5
(9 - 5) + (-7 - -4)
1
What is (-3 - -4) + -4 + (-1 - -1)?
-3
Calculate (2 - (-2 + 3)) + (-2 - 4).
-5
What is the value of 5 + (-1 - 0 - (-2 - -1))?
5
Calculate (0 - 5) + 20 + -6 + -7.
2
What is the value of 3 - (-5 - (5 + -12) - -3)?
-2
-6 + (-9 + 4 - -9)
-2
Evaluate 16 + 0 + (-5 - 21) + 20.
10
What is the value of 1 + (2 - (4 - (-4 - -8)))?
3
Calculate 12 + 2 + -94 + 91.
11
Calculate 4 - 0 - (10 - 4).
-2
What is 1 - (3 + -2) - 5?
-5
Calculate -40 + 50 + -13 + -1.
-4
-2 - (2 - (3 - -2))
1
What is (6 + 0 - -1) + -1?
6
Calculate -2 + (3 + -1 - (-16 + 16)).
0
What is 6 + (15 + -24 - (1 - 3))?
-1
What is the value of -3 + 3 + (-3 - -1) + -1?
-3
What is -2 - (-4 + 2 - -7)?
-7
What is the value of 14 + 1 + -73 + 66?
8
Evaluate -6 + (12 - 7) + -1 + 0.
-2
Evaluate -1 - 4 - ((6 - -2) + -10).
-3
Calculate ((-2 - -7) + -2 - 4) + -4.
-5
What is the value of 1 + 1 + -4 + (10 - 7)?
1
What is -4 + -1 - -9 - (1 - -5)?
-2
Calculate 2 + -1 - 4 - -1.
-2
Calculate (-60 - -69) + (1 - 9).
1
What is the value of -8 - (8 + -14 - 6)?
4
What is -1 + 4 - -3 - (-1 - -4)?
3
Evaluate 2 + -1 + (172 - 176).
-3
9 + (-1 + 1 - 5)
4
What is 1 + (-3 - (6 - 5 - 0))?
-3
What is 0 + -1 - -3 - (-1 + -2)?
5
(-35 - -47) + -3 + 0
9
Calculate 1 + 6 + -3 + -4 + -7.
-7
What is (1 - (2 + -1)) + 3 + 2?
5
What is -3 - (-4 + 7 - 0)?
-6
Evaluate (1 - 7) + 45 + -25 + -4.
10
Calculate 1 + -1 + 6 + (164 - 161).
9
1 - (6 + 2 + -6)
-1
What is (-13 - -15) + (-9 - 0)?
-7
Calculate 1 - (8 + -10) - 4.
-1
What is the value of -2 + (-5 - -8) - 2?
-1
Calculate -1 - -1 - (-2 + 3).
-1
Calculate 0 - (-2 + (3 - -3)).
-4
What is the value of -1 + (9 - (4 - 5) - 5)?
4
Calculate -9 - (8 + (1 - 27)).
9
1 - (-2 + 3 - 0 - 3)
3
Evaluate 1 + 0 - (-6 + 11).
-4
6 + -16 + 6 + 6
2
2 - -2 - (0 + 0)
4
What is the value of (-3 - -8) + -10 + 0?
-5
What is 5 + (-2 - 0) + (-14 - -16)?
5
What is the value of 13 + -9 + -10 + (4 - 0)?
-2
What is -12 + 7 + -1 + 9 + 1?
4
What is the value of -5 + 9 - ((16 - 11) + -8)?
7
What is the value of -1 + (-3 - (-3 - 3))?
2
10 + (-5 - -2) + -2
5
Calculate 13 + -9 + (-5 - 1) + 0.
-2
What is the value of -2 - -3 - (4 + -1)?
-2
Evaluate 6 + -8 + 12 - 4.
6
What is the value of 6 - (-4 + 8 + 1)?
1
6 + (-1 - -5 - 5 - 0)
5
Calculate -3 + (5 + 1 - 7).
-4
Calculate 1 - (-3 + 2) - 6.
-4
Evaluate 8 + -6 + 3 + 0.
5
Calculate 6 - 4 - -3 - (3 + 2).
0
-4 + 5 + 0 + -3
-2
Evaluate 3 + (2 - (-6 - -3)).
8
Calculate (-1 - (-3 + -1)) + -1.
2
(2 - 4) + 16 + -9
5
What is -5 - (1 + (3 - 8))?
-1
What is 8 + (-11 - (0 - (1 + -4)))?
-6
Calculate -5 - (-10 + -2) - (5 - 1).
3
What is the value of (-12 - -4) + 1 - (13 + -12)?
-8
Evaluate (-7 - -12) + 2 + 2 + 0.
9
-1 - 4 - (-13 - (0 - 2))
6
Evaluate 6 - (-5 - (-8 - 7)).
-4
13 + -20 - (1 + -4)
-4
What is 0 + 1 + -6 + 0?
-5
What is the value of -9 - -12 - (-2 - (-14 + 2))?
-7
Evaluate (-8 - -9) + -4 + 3.
0
Calculate 7 + -4 + -11 + 8.
0
What is the value of 6 - (7 + (0 - -4) + -5)?
0
Evaluate 2 - (-5 + (11 - 4)) - -8.
8
Evaluate (52 - 57) + (-2 - 0 - -2).
-5
Evaluate (-9 + 10 + -5 - -12) + -2.
6
Calculate (-6 - 2) + 6 + -2.
-4
What is -2 + 5 + (-2 - 1)?
0
Calculate (5 - 9) + -2 + 1 + 9.
4
What is the value of -5 - (0 + -4 - (9 - 7))?
1
What is 1 + (7 + -11 - (-1 - -1))?
-3
What is -10 - (-32 + 26 + (4 - 0))?
-8
What is (-3 - -12) + (2 - 5)?
6
Calculate 6 - (1 + -3 + 3 - -1).
4
What is the value of -8 - (7 + 5 + -12)?
-8
Evaluate 3 + (6 + -6 - 1) + -6.
-4
Calculate (-3 - -2 - 0) + 8.
7
-8 + (5 - (-7 + 2 - -4))
-2
What is the value of 1 + -13 + 7 + 8?
3
Calculate -1 + 11 - (16 - 4).
-2
What is the value of -1 - (-1 + (-7 + 0 - -2))?
5
What is the value of (8 - -3) + 3 + -7?
7
Calculate (0 - (0 - 2)) + (4 - 11).
-5
What is the value of -2 - 0 - (-5 - 1)?
4
What is the value of -3 + 5 - 6 - -4 - -1?
1
What is 2 - (12 - 10) - -9?
9
What is the value of -7 - (7 - 26) - 10?
2
What is the value of -1 - ((-3 - 0) + 0 - 0)?
2
What is the value of 1 - (-3 + 5) - (-3 + 1)?
1
What is the value of 1 - 1 - ((-11 - -11) + 1)?
-1
-4 - -3 - 1 - -1
-1
Calculate 13 + -12 - (0 - -6).
-5
Evaluate 5 + (-4 + 4 + -5 - 1).
-1
What is the value of 3 - (-1 + (2 - 3)) - 2?
3
What is the value of 16 - (7 - (-4 + 3))?
8
Calculate (-4 - -14) + (1 - 8).
3
-1 + (4 - -6) + -7 + 1
3
11 - (16 + -10 - -13)
-8
Calculate -2 + (-13 - -24) + -7.
2
4 - (8 - -2) - -4
-2
What is the value of -4 + 5 - -5 - 10?
-4
(0 - 1) + -12 + -13 + 22
-4
Evaluate 6 + 2 + -4 + -1.
3
Evaluate 6 + -9 + (7 - (1 + -1)).
4
What is the value of -2 + 17 + (-3 - 5)?
7
Calculate -4 + 0 + (3 - 2).
-3
What is the value of -10 - (2 - 11) - 1?
-2
What is (9 - 1 - 3) + 19 + -25?
-1
Evaluate 1 + -1 + -13 + 10.
-3
What is the value of -9 + (3 - -2 - (6 + -4))?
-6
What is 4 + 1 + (-23 - -6) + 11?
-1
41 + -43 + (-3 - -2) + -3
-6
What is -4 - (3 + (4 + -5 - 6))?
0
9 + -7 + (5 - 2) - 4
1
Evaluate -9 - (14 - 13 - (-1 + 6)).
-5
-8 + 0 + -8 + 11
-5
Calculate -3 - (-20 + 7 - -3) - 17.
-10
What is 0 - -1 - (-2 - -1) - 0?
2
What is the value of (1 - -1) + (-21 - -24)?
5
Calculate -4 + (12 - (3 + -4)).
9
Evaluate (-3 - -5) + -19 + 6 - -6.
-5
-10 + (-1 - -5 - -2)
-4
Calculate -9 - (-3 - (6 + -4)) - -5.
1
What is the value of 6 + -3 - (1 + -3 + 0)?
5
What is (3 - -1) + (-8 - -5)?
1
Calculate (-3 + 1 - 2) + -2 + 2.
-4
What is 9 + -4 - ((4 - 8) + 4)?
5
7 - 3 - (0 - -3)
1
Evaluate 0 + 7 + 0 + -6.
1
3 + (1 - (6 + -4)) - 3
-1
4 - (8 - 3) - -4
3
Evaluate 1 - 0 - (3 - -2) - 1.
-5
What is 2 + 1 + -8 + 4?
-1
Evaluate 31 - 35 - (-1 - -1).
-4
What is 5 + -5 - (7 - (2 + 4))?
-1
Evaluate (0 - (1 - 16)) + -22.
-7
What is the value of -2 + 4 - (-1 + -1 + 5)?
-1
Evaluate 10 + -12 + -9 + 14.
3
Evaluate 16 + -14 + (4 - 1).
5
Evaluate -2 - -2 - 0 - (-38 - -43).
-5
What is 4 + -8 + 1 + 1?
-2
Evaluate (17 - -2 - 9) + -8.
2
What is the value of 4 + 1 - (-2 + -2 + 7)?
2
What is 1 + (-6 - -1) + 0 + -1?
-5
-4 + (0 + 2 - -2) - 1
-1
Calculate -6 + -12 + 11 - (2 + -10).
1
What is the value of -12 - (-25 + 9 - -13)?
-9
-3 + 6 + 0 + 2
5
(-13 - -7 - 0 - -5) + -7
-8
4 - ((0 - (-6 + 4)) + 3)
-1
Calculate -2 - (0 - (-2 - -5) - -3).
-2
What is the value o